s t(6)?
285
Let z(t) = -123*t - 5650. Give z(-46).
8
Let c(w) = -2*w + 14. Determine c(-11).
36
Let x(g) = -4*g**2 + 16*g + 54. Give x(6).
6
Let t(z) = -2549*z - 20404. Give t(-8).
-12
Let b(i) = -116*i - 1058. Determine b(-9).
-14
Let r(m) = -10*m**3 - m**2 - m + 4. Calculate r(3).
-278
Let d(i) = i**3 - 24*i**2 + 18*i - 1071. Determine d(25).
4
Let a(p) = 114*p + 4114. Calculate a(-36).
10
Let t(g) = -285*g - 3136. Give t(-11).
-1
Let v(s) = -s**3 - 18*s**2 + 18*s + 8. Give v(-19).
27
Let v(p) = -p**2 + 24*p + 145. Give v(27).
64
Let g(x) = -42*x - 375. Calculate g(-9).
3
Let m(j) = -j**3 + 3*j**2 + 27*j - 19. Calculate m(7).
-26
Let g(l) = -l**3 - 25*l**2 + 20*l + 36. Calculate g(-26).
192
Let m(a) = a**2 - 14*a - 249. Determine m(-11).
26
Let c(j) = 103*j - 462. Determine c(9).
465
Let m(w) = -3*w**2 + 95*w + 139. Determine m(33).
7
Let t(a) = 2*a**2 + 22*a - 123. What is t(-15)?
-3
Let l(m) = 34*m**2 + 99*m + 9. Determine l(-3).
18
Let z(x) = -x**3 + 21*x**2 + 397*x - 21. Determine z(33).
12
Let j(r) = -2*r**2 + 25*r - 18. What is j(-14)?
-760
Let q(y) = -3220*y - 9675. Calculate q(-3).
-15
Let f(y) = -y**3 - 26*y**2 - 19*y - 150. Determine f(-25).
-300
Let o(p) = -2*p**3 - 16*p**2 - 179*p - 301. Give o(-2).
9
Let s(p) = 1129*p + 26017. Determine s(-23).
50
Let h(b) = 32*b**3 - 11*b**2 + 13*b. Give h(2).
238
Let f(g) = -3*g**2 + 17*g - 12. What is f(6)?
-18
Let l(h) = 4*h**2 - 51*h - 22. Determine l(19).
453
Let w(s) = -11*s**3 - 9*s**2 + s + 2. Give w(-1).
3
Let z(o) = -33*o + 99. Calculate z(12).
-297
Let y(b) = 2547*b + 7692. Give y(-3).
51
Let v(o) = o**3 + 12*o**2 + 3*o - 87. Give v(-8).
145
Let d(f) = 29*f + 73. Calculate d(-4).
-43
Let m(h) = -60*h**2 - 421*h - 10. Calculate m(-7).
-3
Let a(b) = 684*b - 7564. Give a(11).
-40
Let z(n) = -n**3 + 10*n - 11. What is z(-4)?
13
Let g(r) = -64*r**2 - 639*r. What is g(-10)?
-10
Let i(t) = -t**2 - 39*t - 237. Give i(-11).
71
Let i(c) = 6*c**2 - 130*c - 57. Give i(22).
-13
Let h(x) = -3*x - 306. Calculate h(-50).
-156
Let n(v) = v**3 + 29*v**2 - 102*v - 189. Calculate n(-32).
3
Let b(d) = -d**2 + 99*d - 2383. Give b(56).
25
Let x(t) = 53*t - 1167. Determine x(22).
-1
Let t(f) = -2*f**3 - 11*f**2 - 89*f - 204. What is t(-3)?
18
Let a(h) = -7*h**2 - 23*h + 2. Calculate a(-3).
8
Let h(s) = -9*s**2 + 2270*s - 2748. Give h(251).
13
Let j(l) = -l**3 - 11*l**2 + 3*l - 128. Give j(-12).
-20
Let f(i) = -i**3 - 63*i**2 + 68*i + 226. What is f(-64)?
-30
Let v(j) = -j**2 + 119*j + 15384. Give v(-78).
18
Let j(b) = -b**2 - 7*b + 115. Give j(10).
-55
Let j(t) = -6*t**3 - 2*t**2 + 4*t - 38. Determine j(-4).
298
Let g(z) = 94*z**2 - 3*z. Determine g(1).
91
Let b(i) = -2914*i + 8724. Calculate b(3).
-18
Let y(v) = 2*v**2 - 43*v - 90. Calculate y(-2).
4
Let f(l) = 6*l**3 + 3*l**2 - 4*l + 6. What is f(2)?
58
Let v(l) = -2593*l + 23325. Give v(9).
-12
Let i(a) = 3*a**3 + 34*a**2 - 24*a + 6. Calculate i(-12).
6
Let y(g) = 579*g + 24. What is y(-1)?
-555
Let w(g) = g**2 + 51*g + 371. Give w(-23).
-273
Let w(d) = -6*d**2 - 194*d - 36. Determine w(-30).
384
Let w(l) = -2*l**3 + 45*l**2 - 148*l - 658. Calculate w(17).
5
Let h(y) = -2*y**2 + 75*y - 187. Determine h(35).
-12
Let j(m) = -2*m**3 + 5*m**2 + 2*m + 39. Give j(5).
-76
Let i(h) = -1724*h - 70691. Determine i(-41).
-7
Let j(i) = 104*i - 830. Determine j(8).
2
Let m(t) = -38*t**2 - 8*t + 9. Give m(1).
-37
Let z(m) = 9*m**2 + 31*m + 171. Calculate z(-5).
241
Let g(o) = 2*o**3 - 101*o**2 + 36*o + 115. Give g(50).
-585
Let g(o) = o**3 - 17*o**2 - 88*o + 36. Determine g(21).
-48
Let s(h) = -24*h - 380. What is s(-14)?
-44
Let x(l) = -62*l + 199. What is x(5)?
-111
Let s(f) = -10*f**3 - 29*f**2 - 7*f + 10. Give s(4).
-1122
Let u(q) = -q**3 - 10*q**2 + 2*q + 108. Calculate u(-9).
9
Let x(f) = -2*f**2 + 61*f + 59. Determine x(31).
28
Let k(u) = 5*u**3 - 2*u**2 + 15*u + 10. Determine k(3).
172
Let k(g) = 148*g + 5906. What is k(-39)?
134
Let y(j) = 118*j + 230. What is y(-3)?
-124
Let i(p) = p**3 - 85*p**2 + 325*p - 31. Determine i(81).
50
Let n(a) = -a**2 - 3*a - 122. Calculate n(-10).
-192
Let y(o) = o**3 + 8*o**2 - 60*o + 19. Determine y(-13).
-46
Let p(h) = 30*h - 842. Calculate p(26).
-62
Let i(k) = 51*k**2 + 44*k - 94. Give i(4).
898
Let n(a) = -2*a**2 + 131*a - 55. What is n(66)?
-121
Let p(g) = g**2 - 135*g + 2458. What is p(116)?
254
Let y(z) = 38*z + 2732. Calculate y(-69).
110
Let w(y) = 2*y**2 + 149*y + 1049. Calculate w(-7).
104
Let f(s) = 2*s**3 + 20*s**2 - 42*s + 4. What is f(-12)?
-68
Let l(k) = 1667*k + 1663. What is l(-1)?
-4
Let d(k) = k**3 - 9*k**2 - 42*k + 10. Calculate d(12).
-62
Let i(q) = -3*q**2 - 27*q + 55. What is i(-8)?
79
Let c(h) = 2*h**3 - 54*h**2 - h + 36. Calculate c(27).
9
Let c(q) = q**3 - 10*q**2 - 24*q + 10. Calculate c(12).
10
Let t(p) = -p**2 - 17*p + 31. Give t(-10).
101
Let f(t) = 6*t**3 - 403*t**2 + 61*t + 387. Give f(67).
-15
Let i(u) = -8*u**2 + 70*u + 2. Calculate i(7).
100
Let w(p) = -28*p**2 - 222*p + 266. Give w(-9).
-4
Let y(k) = -k**3 + 95*k**2 - 365*k + 58. Calculate y(91).
-33
Let g(f) = -f**2 - 10*f - 4. Calculate g(-16).
-100
Let h(x) = -x**3 + 10*x**2 + 649*x + 59. What is h(31)?
-3
Let z(s) = s**2 + 1774*s + 12357. Calculate z(-7).
-12
Let f(k) = k**3 - 71*k**2 + 205*k - 9. Give f(68).
59
Let v(l) = l**3 - 5*l**2 - 9*l + 12. Calculate v(6).
-6
Let l(u) = u**3 + 19*u**2 + 33*u - 225. What is l(-16)?
15
Let k(t) = -2*t**2 - 20*t + 115. Give k(-14).
3
Let b(c) = -c**3 - 36*c**2 + 4*c + 52. Calculate b(-36).
-92
Let q(f) = -4*f**3 + 9*f**2 + 4*f - 11. Calculate q(3).
-26
Let g(h) = -h**3 - 15*h**2 - h - 5. Calculate g(-16).
267
Let g(z) = -768*z - 5. Determine g(0).
-5
Let i(q) = -q**2 - 363*q - 2164. Give i(-6).
-22
Let n(o) = -19*o + 71. Determine n(6).
-43
Let o(y) = -531*y + 1064. What is o(2)?
2
Let t(y) = -442*y - 2523. Calculate t(-6).
129
Let o(j) = -5*j**2 + 147*j - 211. Determine o(28).
-15
Let f(p) = p**3 - 15*p**2 - 13*p - 20. What is f(16)?
28
Let x(a) = 211*a**2 - 617*a + 21. What is x(3)?
69
Let x(t) = 35*t**2 - 316*t + 9. Give x(9).
0
Let k(c) = -c**3 + 19*c**2 - 77*c - 1. What is k(7)?
48
Let x(d) = 3*d**2 + 5*d + 4. Calculate x(-5).
54
Let b(k) = k**3 - 5*k**2 - 5*k - 6. Determine b(10).
444
Let d(w) = 30*w + 920. What is d(-30)?
20
Let q(f) = -105*f + 445. Give q(4).
25
Let g(c) = 174*c - 10886. What is g(62)?
-98
Let y(j) = 7*j**2 - 426*j + 350. What is y(60)?
-10
Let i(y) = y**3 - 23*y**2 + 23*y + 65. Give i(22).
87
Let b(s) = -s**3 + 39*s**2 - 252*s + 21. What is b(8)?
-11
Let w(q) = -240*q + 7189. What is w(30)?
-11
Let v(m) = -23*m - 90. What is v(-4)?
2
Let k(a) = -95*a**2 + 3414*a + 223. Determine k(36).
7
Let b(r) = r**2 - 3*r - 14. Calculate b(3).
-14
Let x(a) = -a**3 + 2*a**2 + 28*a + 19. Calculate x(6).
43
Let u(d) = -2*d**2 - 267*d - 1405. Calculate u(-128).
3
Let s(o) = 72*o - 524. What is s(7)?
-20
Let m(s) = s**3 + 6*s**2 + 7*s + 62. Give m(-6).
20
Let r(f) = f**3 - 75*f**2 - 2. What is r(75)?
-2
Let c(h) = 473*h + 5. Calculate c(0).
5
Let h(m) = -1364*m - 1372. Calculate h(-1).
-8
Let y(i) = 24*i - 303. Determine y(15).
57
Let h(v) = 28*v - 152. Give h(13).
212
Let z(y) = 6*y**2 + 51*y - 6. Determine z(-10).
84
Let v(r) = -6*r**2 + 1293*r + 3262. Determine v(218).
-8
Let t(g) = -5*g**3 + 86*g**2 - 16*g + 5. Determine t(17).
22
Let r(h) = h**2 - 7*h - 153. Calculate r(-9).
-9
Let a(v) = 1669*v - 4996. What is a(3)?
11
Let r(k) = k**3 + 23*k**2 + 99*k + 111. Determine r(-18).
-51
Let u(f) = -40*f - 70. Determine u(-3).
50
Let u(l) = 21*l**2 + 1060*l - 61. Determine u(-51).
500
Let i(f) = -143*f + 2728. Calculate i(19).
11
Let f(d) = -d**2 + 48*d - 512. Give f(34).
-36
Let n(a) = -5*a**2 + 2*a + 425. Give n(-8).
89
Let k(h) = -h**3 - 17*h**2 + 24*h + 12. Give k(5).
-418
Let j(p) = -7*p**2 + 76*p - 195. Give j(3).
-30
Let x(g) = 9*g + 540. Calculate x(-62).
-18
Let n(o) = -2*o**2 - 49*o + 80. Calculate n(-28).
-116
Let m(y) = -y**2 + 2811*y + 76621. Determine m(-27).
-5
Let r(u) = -u**2 - 84*u - 613. Calculate r(-7).
-74
Let b(j) = j**3 - 32*j**2 + 195*j - 1019. Calculate b(26).
-5
Let j(y) = -11*y**2 - 5649*y - 5649. Calculate j(-1).
-11
Let t(d) = -36*d - 747. Give t(-19).
-63
Let o(c) = -2*c**2 + 53*c + 542. What is o(-8)?
-10
Let s(y) = -2*y**3 + 36*y**2 - 9*y - 74. Determine s